{"id":266,"date":"2020-08-06T09:50:50","date_gmt":"2020-08-06T09:50:50","guid":{"rendered":"https:\/\/hk-webservice.biz\/?page_id=266"},"modified":"2020-09-20T00:07:08","modified_gmt":"2020-09-20T00:07:08","slug":"it-betreuung","status":"publish","type":"page","link":"https:\/\/hk-webservice.biz\/index.php\/it-betreuung\/","title":{"rendered":"IT Betreuung"},"content":{"rendered":"\n<h2 class=\"wp-block-heading\"><img loading=\"lazy\" decoding=\"async\" width=\"50\" height=\"49\" class=\"wp-image-114\" style=\"width: 50px;\" src=\"https:\/\/hk-webservice.biz\/wp-content\/uploads\/2020\/06\/Smile.png\" alt=\"HKWS\" srcset=\"https:\/\/hk-webservice.biz\/wp-content\/uploads\/2020\/06\/Smile.png 171w, https:\/\/hk-webservice.biz\/wp-content\/uploads\/2020\/06\/Smile-150x150.png 150w, https:\/\/hk-webservice.biz\/wp-content\/uploads\/2020\/06\/Smile-100x100.png 100w\" sizes=\"auto, (max-width: 50px) 100vw, 50px\" \/> <strong>EDV Dienstleistungen<\/strong><\/h2>\n\n\n\n<p>Ich bin auf die Rundumbetreuung von Gesch\u00e4ftskunden spezialisiert und biete Ihnen Dienstleistungen im kompletten EDV- und Telekommunikationsbereich an.<\/p>\n\n\n\n<p>Mein Dienstleistungsportfolio umfasst ein auf Ihre Bed\u00fcrfnisse abgestimmtes Paket. Angefangen von der Beschaffung der Hard- und Software bis hin zur Administration Ihrer IT-Infrastruktur . Es wird ermittelt, was Sie als Kunde wirklich ben\u00f6tigen. Auf dieser Basis erstelle ich passgenaue L\u00f6sungen, die selbstverst\u00e4ndlich hinreichend Reserven f\u00fcr eine sichere Investition in die Zukunft bieten.<\/p>\n\n\n\n<p>Meine Dienstleistungen umfassen:<\/p>\n\n\n\n<h2 class=\"wp-block-heading\"><img loading=\"lazy\" decoding=\"async\" width=\"50\" height=\"49\" class=\"wp-image-114\" style=\"width: 50px;\" src=\"https:\/\/hk-webservice.biz\/wp-content\/uploads\/2020\/06\/Smile.png\" alt=\"HKWS\" srcset=\"https:\/\/hk-webservice.biz\/wp-content\/uploads\/2020\/06\/Smile.png 171w, https:\/\/hk-webservice.biz\/wp-content\/uploads\/2020\/06\/Smile-150x150.png 150w, https:\/\/hk-webservice.biz\/wp-content\/uploads\/2020\/06\/Smile-100x100.png 100w\" sizes=\"auto, (max-width: 50px) 100vw, 50px\" \/> <strong>Beschaffung von Hard- &amp; Software<\/strong><\/h2>\n\n\n\n<p>Es wird analysiert, was Sie wirklich ben\u00f6tigen. Oft k\u00f6nnen durch eine sinnvolle Virtualisierung erhebliche Kosten eingespart werden. Gern planen ich mit Ihnen notwendige Hardware- und Softwareanschaffungen.<\/p>\n\n\n\n<h2 class=\"wp-block-heading\"><img loading=\"lazy\" decoding=\"async\" width=\"50\" height=\"49\" class=\"wp-image-114\" style=\"width: 50px;\" src=\"https:\/\/hk-webservice.biz\/wp-content\/uploads\/2020\/06\/Smile.png\" alt=\"HKWS\" srcset=\"https:\/\/hk-webservice.biz\/wp-content\/uploads\/2020\/06\/Smile.png 171w, https:\/\/hk-webservice.biz\/wp-content\/uploads\/2020\/06\/Smile-150x150.png 150w, https:\/\/hk-webservice.biz\/wp-content\/uploads\/2020\/06\/Smile-100x100.png 100w\" sizes=\"auto, (max-width: 50px) 100vw, 50px\" \/> <strong>Aufbau, Installation &amp; Einrichtung<\/strong><\/h2>\n\n\n\n<p>Nach der Beschaffung der Hardware muss diese auch auf Ihre Bed\u00fcrfnisse abgestimmt, installiert und konfiguriert werden. Ich richte Ihre Arbeitspl\u00e4tze und Server ein und k\u00fcmmere mich um die notwendige Lizenzierung. <\/p>\n\n\n\n<h2 class=\"wp-block-heading\"><strong><img decoding=\"async\" src=\"https:\/\/hk-webservice.biz\/wp-content\/uploads\/2020\/06\/Smile.png\" alt=\"HKWS\" style=\"width: 50px;\"><\/strong> <strong>Telekommunikation<\/strong><\/h2>\n\n\n\n<p>Stehen Sie auch vor der Frage: was kommt nach ISDN. Ich helfe Ihnen eine optimale L\u00f6sung f\u00fcr Ihr Unternehmen zu finden. Oder sind Sie mit Ihrer aktuelle VoIP L\u00f6sung unzufrieden, Sie w\u00fcrden gern mehr aus Ihrer Anlage herausholen? Ich zeige Ihnen gern moderne Kommunikationsl\u00f6sungen f\u00fcr Ihren Betrieb.<\/p>\n\n\n\n<h2 class=\"wp-block-heading\"><img decoding=\"async\" src=\"https:\/\/hk-webservice.biz\/wp-content\/uploads\/2020\/06\/Smile.png\" alt=\"HKWS\" style=\"width: 50px;\"> <strong>Datenschutz, IT Sicherheit und Virenschutz<\/strong><\/h2>\n\n\n\n<p>Welche M\u00f6glichkeiten haben Sie um Ihre IT vor Angriffen von innen und au\u00dfen zu sch\u00fctzen? Ich helfe Ihnen gern sinnvolle Firewall und Virenschutzl\u00f6sungen zu bestimmen und zu implementieren.<\/p>\n\n\n\n<h2 class=\"wp-block-heading\"><img decoding=\"async\" src=\"https:\/\/hk-webservice.biz\/wp-content\/uploads\/2020\/06\/Smile.png\" alt=\"HKWS\" style=\"width: 50px;\"> <strong>Datensicherung<\/strong><\/h2>\n\n\n\n<p>Trotz bestem Virenschutz und bester Firewall kommt man nicht um eine Datensicherung herum. Ich helfe Ihnen gern eine passende L\u00f6sung zu erstellen, zu implementieren und Ihre Datensicherung zu \u00fcberwachen.<\/p>\n\n\n\n<h2 class=\"wp-block-heading\"><img loading=\"lazy\" decoding=\"async\" width=\"50\" height=\"50\" class=\"wp-image-167\" style=\"width: 50px;\" src=\"https:\/\/hk-webservice.biz\/wp-content\/uploads\/2020\/06\/Sample.png\" alt=\"HKWS\" srcset=\"https:\/\/hk-webservice.biz\/wp-content\/uploads\/2020\/06\/Sample.png 640w, https:\/\/hk-webservice.biz\/wp-content\/uploads\/2020\/06\/Sample-300x300.png 300w, https:\/\/hk-webservice.biz\/wp-content\/uploads\/2020\/06\/Sample-150x150.png 150w, https:\/\/hk-webservice.biz\/wp-content\/uploads\/2020\/06\/Sample-100x100.png 100w\" sizes=\"auto, (max-width: 50px) 100vw, 50px\" \/> <strong>Betreuung &amp; Wartung<\/strong><\/h2>\n\n\n\n<p>Ist Ihre IT Up2Date? Ich \u00fcbernehme gern die gesamte IT Wartung f\u00fcr Sie. Dies umfasst die Aktualisierung von Software &amp; Betriebssystemen, Wartung der Server und Arbeitspl\u00e4tze. Moderne VPN und Remotetools erm\u00f6glichen auch den Support per Fernwartung, so k\u00f6nnen Anfahrtskosten gespart werden und die Wartung kann flexibel durchgef\u00fchrt werden.<\/p>\n","protected":false},"excerpt":{"rendered":"<p>EDV Dienstleistungen Ich bin auf die Rundumbetreuung von Gesch\u00e4ftskunden spezialisiert und biete Ihnen Dienstleistungen im kompletten EDV- und Telekommunikationsbereich an. Mein Dienstleistungsportfolio umfasst ein auf Ihre Bed\u00fcrfnisse abgestimmtes Paket. Angefangen von der Beschaffung der Hard- und Software bis hin zur Administration Ihrer IT-Infrastruktur . Es wird ermittelt, was Sie als Kunde wirklich ben\u00f6tigen. Auf dieser &hellip; <\/p>\n<p class=\"link-more\"><a href=\"https:\/\/hk-webservice.biz\/index.php\/it-betreuung\/\" class=\"more-link\"><span class=\"screen-reader-text\">\u201eIT Betreuung\u201c <\/span>weiterlesen<\/a><\/p>\n","protected":false},"author":1,"featured_media":182,"parent":0,"menu_order":0,"comment_status":"closed","ping_status":"closed","template":"","meta":{"footnotes":""},"class_list":["post-266","page","type-page","status-publish","has-post-thumbnail","hentry"],"yoast_head":"<!-- This site is optimized with the Yoast SEO plugin v26.7 - https:\/\/yoast.com\/wordpress\/plugins\/seo\/ -->\n<title>IT Betreuung &#8226; HK -WebService- Administration Server Wartung<\/title>\n<meta name=\"description\" content=\"Rechenzentrum Installation Hardware Software Anwenderbetreuung Gro\u00dfrechner Linux Windows Flexibel Fernwartung Remote Fehlerbehbung Raid VMware\" \/>\n<meta name=\"robots\" content=\"index, follow, max-snippet:-1, max-image-preview:large, max-video-preview:-1\" \/>\n<link rel=\"canonical\" href=\"https:\/\/hk-webservice.biz\/index.php\/it-betreuung\/\" \/>\n<meta property=\"og:locale\" content=\"de_DE\" \/>\n<meta property=\"og:type\" content=\"article\" \/>\n<meta property=\"og:title\" content=\"IT Betreuung &#8226; HK -WebService- Administration Server Wartung\" \/>\n<meta property=\"og:description\" content=\"Rechenzentrum Installation Hardware Software Anwenderbetreuung Gro\u00dfrechner Linux Windows Flexibel Fernwartung Remote Fehlerbehbung Raid VMware\" \/>\n<meta property=\"og:url\" content=\"https:\/\/hk-webservice.biz\/index.php\/it-betreuung\/\" \/>\n<meta property=\"og:site_name\" content=\"HK -WebService-\" \/>\n<meta property=\"article:modified_time\" content=\"2020-09-20T00:07:08+00:00\" \/>\n<meta property=\"og:image\" content=\"https:\/\/hk-webservice.biz\/wp-content\/uploads\/2020\/06\/webdesign4.jpg\" \/>\n\t<meta property=\"og:image:width\" content=\"1887\" \/>\n\t<meta property=\"og:image:height\" content=\"1440\" \/>\n\t<meta property=\"og:image:type\" content=\"image\/jpeg\" \/>\n<meta name=\"twitter:card\" content=\"summary_large_image\" \/>\n<meta name=\"twitter:label1\" content=\"Gesch\u00e4tzte Lesezeit\" \/>\n\t<meta name=\"twitter:data1\" content=\"2\u00a0Minuten\" \/>\n<script type=\"application\/ld+json\" class=\"yoast-schema-graph\">{\"@context\":\"https:\/\/schema.org\",\"@graph\":[{\"@type\":\"WebPage\",\"@id\":\"https:\/\/hk-webservice.biz\/index.php\/it-betreuung\/\",\"url\":\"https:\/\/hk-webservice.biz\/index.php\/it-betreuung\/\",\"name\":\"IT Betreuung &#8226; HK -WebService- Administration Server Wartung\",\"isPartOf\":{\"@id\":\"https:\/\/hk-webservice.biz\/#website\"},\"primaryImageOfPage\":{\"@id\":\"https:\/\/hk-webservice.biz\/index.php\/it-betreuung\/#primaryimage\"},\"image\":{\"@id\":\"https:\/\/hk-webservice.biz\/index.php\/it-betreuung\/#primaryimage\"},\"thumbnailUrl\":\"https:\/\/hk-webservice.biz\/wp-content\/uploads\/2020\/06\/webdesign4.jpg\",\"datePublished\":\"2020-08-06T09:50:50+00:00\",\"dateModified\":\"2020-09-20T00:07:08+00:00\",\"description\":\"Rechenzentrum Installation Hardware Software Anwenderbetreuung Gro\u00dfrechner Linux Windows Flexibel Fernwartung Remote Fehlerbehbung Raid VMware\",\"breadcrumb\":{\"@id\":\"https:\/\/hk-webservice.biz\/index.php\/it-betreuung\/#breadcrumb\"},\"inLanguage\":\"de\",\"potentialAction\":[{\"@type\":\"ReadAction\",\"target\":[\"https:\/\/hk-webservice.biz\/index.php\/it-betreuung\/\"]}]},{\"@type\":\"ImageObject\",\"inLanguage\":\"de\",\"@id\":\"https:\/\/hk-webservice.biz\/index.php\/it-betreuung\/#primaryimage\",\"url\":\"https:\/\/hk-webservice.biz\/wp-content\/uploads\/2020\/06\/webdesign4.jpg\",\"contentUrl\":\"https:\/\/hk-webservice.biz\/wp-content\/uploads\/2020\/06\/webdesign4.jpg\",\"width\":1887,\"height\":1440,\"caption\":\"Hendrik Klose -WebService- Bad Rappenau\"},{\"@type\":\"BreadcrumbList\",\"@id\":\"https:\/\/hk-webservice.biz\/index.php\/it-betreuung\/#breadcrumb\",\"itemListElement\":[{\"@type\":\"ListItem\",\"position\":1,\"name\":\"Startseite\",\"item\":\"https:\/\/hk-webservice.biz\/\"},{\"@type\":\"ListItem\",\"position\":2,\"name\":\"IT Betreuung\"}]},{\"@type\":\"WebSite\",\"@id\":\"https:\/\/hk-webservice.biz\/#website\",\"url\":\"https:\/\/hk-webservice.biz\/\",\"name\":\"HK -WebService-\",\"description\":\"Ihr Webhosting und Webdesign Partner f\u00fcr beste Qualit\u00e4t\",\"publisher\":{\"@id\":\"https:\/\/hk-webservice.biz\/#organization\"},\"potentialAction\":[{\"@type\":\"SearchAction\",\"target\":{\"@type\":\"EntryPoint\",\"urlTemplate\":\"https:\/\/hk-webservice.biz\/?s={search_term_string}\"},\"query-input\":{\"@type\":\"PropertyValueSpecification\",\"valueRequired\":true,\"valueName\":\"search_term_string\"}}],\"inLanguage\":\"de\"},{\"@type\":\"Organization\",\"@id\":\"https:\/\/hk-webservice.biz\/#organization\",\"name\":\"Hendrik Klose -WebService-\",\"url\":\"https:\/\/hk-webservice.biz\/\",\"logo\":{\"@type\":\"ImageObject\",\"inLanguage\":\"de\",\"@id\":\"https:\/\/hk-webservice.biz\/#\/schema\/logo\/image\/\",\"url\":\"https:\/\/hk-webservice.biz\/wp-content\/uploads\/2020\/06\/hkws-logo-1.jpg\",\"contentUrl\":\"https:\/\/hk-webservice.biz\/wp-content\/uploads\/2020\/06\/hkws-logo-1.jpg\",\"width\":2351,\"height\":894,\"caption\":\"Hendrik Klose -WebService-\"},\"image\":{\"@id\":\"https:\/\/hk-webservice.biz\/#\/schema\/logo\/image\/\"}}]}<\/script>\n<!-- \/ Yoast SEO plugin. -->","yoast_head_json":{"title":"IT Betreuung &#8226; HK -WebService- Administration Server Wartung","description":"Rechenzentrum Installation Hardware Software Anwenderbetreuung Gro\u00dfrechner Linux Windows Flexibel Fernwartung Remote Fehlerbehbung Raid VMware","robots":{"index":"index","follow":"follow","max-snippet":"max-snippet:-1","max-image-preview":"max-image-preview:large","max-video-preview":"max-video-preview:-1"},"canonical":"https:\/\/hk-webservice.biz\/index.php\/it-betreuung\/","og_locale":"de_DE","og_type":"article","og_title":"IT Betreuung &#8226; HK -WebService- Administration Server Wartung","og_description":"Rechenzentrum Installation Hardware Software Anwenderbetreuung Gro\u00dfrechner Linux Windows Flexibel Fernwartung Remote Fehlerbehbung Raid VMware","og_url":"https:\/\/hk-webservice.biz\/index.php\/it-betreuung\/","og_site_name":"HK -WebService-","article_modified_time":"2020-09-20T00:07:08+00:00","og_image":[{"width":1887,"height":1440,"url":"https:\/\/hk-webservice.biz\/wp-content\/uploads\/2020\/06\/webdesign4.jpg","type":"image\/jpeg"}],"twitter_card":"summary_large_image","twitter_misc":{"Gesch\u00e4tzte Lesezeit":"2\u00a0Minuten"},"schema":{"@context":"https:\/\/schema.org","@graph":[{"@type":"WebPage","@id":"https:\/\/hk-webservice.biz\/index.php\/it-betreuung\/","url":"https:\/\/hk-webservice.biz\/index.php\/it-betreuung\/","name":"IT Betreuung &#8226; HK -WebService- Administration Server Wartung","isPartOf":{"@id":"https:\/\/hk-webservice.biz\/#website"},"primaryImageOfPage":{"@id":"https:\/\/hk-webservice.biz\/index.php\/it-betreuung\/#primaryimage"},"image":{"@id":"https:\/\/hk-webservice.biz\/index.php\/it-betreuung\/#primaryimage"},"thumbnailUrl":"https:\/\/hk-webservice.biz\/wp-content\/uploads\/2020\/06\/webdesign4.jpg","datePublished":"2020-08-06T09:50:50+00:00","dateModified":"2020-09-20T00:07:08+00:00","description":"Rechenzentrum Installation Hardware Software Anwenderbetreuung Gro\u00dfrechner Linux Windows Flexibel Fernwartung Remote Fehlerbehbung Raid VMware","breadcrumb":{"@id":"https:\/\/hk-webservice.biz\/index.php\/it-betreuung\/#breadcrumb"},"inLanguage":"de","potentialAction":[{"@type":"ReadAction","target":["https:\/\/hk-webservice.biz\/index.php\/it-betreuung\/"]}]},{"@type":"ImageObject","inLanguage":"de","@id":"https:\/\/hk-webservice.biz\/index.php\/it-betreuung\/#primaryimage","url":"https:\/\/hk-webservice.biz\/wp-content\/uploads\/2020\/06\/webdesign4.jpg","contentUrl":"https:\/\/hk-webservice.biz\/wp-content\/uploads\/2020\/06\/webdesign4.jpg","width":1887,"height":1440,"caption":"Hendrik Klose -WebService- Bad Rappenau"},{"@type":"BreadcrumbList","@id":"https:\/\/hk-webservice.biz\/index.php\/it-betreuung\/#breadcrumb","itemListElement":[{"@type":"ListItem","position":1,"name":"Startseite","item":"https:\/\/hk-webservice.biz\/"},{"@type":"ListItem","position":2,"name":"IT Betreuung"}]},{"@type":"WebSite","@id":"https:\/\/hk-webservice.biz\/#website","url":"https:\/\/hk-webservice.biz\/","name":"HK -WebService-","description":"Ihr Webhosting und Webdesign Partner f\u00fcr beste Qualit\u00e4t","publisher":{"@id":"https:\/\/hk-webservice.biz\/#organization"},"potentialAction":[{"@type":"SearchAction","target":{"@type":"EntryPoint","urlTemplate":"https:\/\/hk-webservice.biz\/?s={search_term_string}"},"query-input":{"@type":"PropertyValueSpecification","valueRequired":true,"valueName":"search_term_string"}}],"inLanguage":"de"},{"@type":"Organization","@id":"https:\/\/hk-webservice.biz\/#organization","name":"Hendrik Klose -WebService-","url":"https:\/\/hk-webservice.biz\/","logo":{"@type":"ImageObject","inLanguage":"de","@id":"https:\/\/hk-webservice.biz\/#\/schema\/logo\/image\/","url":"https:\/\/hk-webservice.biz\/wp-content\/uploads\/2020\/06\/hkws-logo-1.jpg","contentUrl":"https:\/\/hk-webservice.biz\/wp-content\/uploads\/2020\/06\/hkws-logo-1.jpg","width":2351,"height":894,"caption":"Hendrik Klose -WebService-"},"image":{"@id":"https:\/\/hk-webservice.biz\/#\/schema\/logo\/image\/"}}]}},"_links":{"self":[{"href":"https:\/\/hk-webservice.biz\/index.php\/wp-json\/wp\/v2\/pages\/266","targetHints":{"allow":["GET"]}}],"collection":[{"href":"https:\/\/hk-webservice.biz\/index.php\/wp-json\/wp\/v2\/pages"}],"about":[{"href":"https:\/\/hk-webservice.biz\/index.php\/wp-json\/wp\/v2\/types\/page"}],"author":[{"embeddable":true,"href":"https:\/\/hk-webservice.biz\/index.php\/wp-json\/wp\/v2\/users\/1"}],"replies":[{"embeddable":true,"href":"https:\/\/hk-webservice.biz\/index.php\/wp-json\/wp\/v2\/comments?post=266"}],"version-history":[{"count":5,"href":"https:\/\/hk-webservice.biz\/index.php\/wp-json\/wp\/v2\/pages\/266\/revisions"}],"predecessor-version":[{"id":274,"href":"https:\/\/hk-webservice.biz\/index.php\/wp-json\/wp\/v2\/pages\/266\/revisions\/274"}],"wp:featuredmedia":[{"embeddable":true,"href":"https:\/\/hk-webservice.biz\/index.php\/wp-json\/wp\/v2\/media\/182"}],"wp:attachment":[{"href":"https:\/\/hk-webservice.biz\/index.php\/wp-json\/wp\/v2\/media?parent=266"}],"curies":[{"name":"wp","href":"https:\/\/api.w.org\/{rel}","templated":true}]}}