{"id":49,"date":"2020-06-07T13:44:35","date_gmt":"2020-06-07T13:44:35","guid":{"rendered":"https:\/\/hk-webservice.biz\/?page_id=49"},"modified":"2020-08-06T15:20:30","modified_gmt":"2020-08-06T15:20:30","slug":"webdesign","status":"publish","type":"page","link":"https:\/\/hk-webservice.biz\/index.php\/webdesign\/","title":{"rendered":"Webdesign"},"content":{"rendered":"\n<h2 class=\"wp-block-heading\"><img loading=\"lazy\" decoding=\"async\" width=\"50\" height=\"49\" class=\"wp-image-114\" style=\"width: 50px;\" src=\"https:\/\/hk-webservice.biz\/wp-content\/uploads\/2020\/06\/Smile.png\" alt=\"HKWS\" srcset=\"https:\/\/hk-webservice.biz\/wp-content\/uploads\/2020\/06\/Smile.png 171w, https:\/\/hk-webservice.biz\/wp-content\/uploads\/2020\/06\/Smile-150x150.png 150w, https:\/\/hk-webservice.biz\/wp-content\/uploads\/2020\/06\/Smile-100x100.png 100w\" sizes=\"auto, (max-width: 50px) 100vw, 50px\" \/><strong> Professionelles Webdesign zum g\u00fcnstigen Preis !<\/strong><\/h2>\n\n\n\n<p>Wenn Sie sich im Internet kosteng\u00fcnstig und professionell pr\u00e4sentieren m\u00f6chten, dann sind Sie bei HK -WebService- genau richtig. Ob f\u00fcr Kleinbetrieb, Firma, Verein oder f\u00fcr den privaten Auftritt: Ich biete Ihnen ma\u00dfgeschneiderte L\u00f6sungen f\u00fcr alle Bereiche. Mit Ihren Ideen und meiner Erfahrung kann ich Ihren Internetauftritt professionell und mit einem Design nach Ihren W\u00fcnschen erstellen. Webdesign, das sich jeder leisten kann: Private Homepages gibt es bereits ab 250 Euro und gewerbliche ab 500 Euro. Nehmen Sie Kontakt mit mir auf, um ein unverbindliches Angebot einzuholen.<\/p>\n\n\n\n<h2 class=\"wp-block-heading\"><img loading=\"lazy\" decoding=\"async\" width=\"50\" height=\"49\" class=\"wp-image-114\" style=\"width: 50px;\" src=\"https:\/\/hk-webservice.biz\/wp-content\/uploads\/2020\/06\/Smile.png\" alt=\"HKWS\" srcset=\"https:\/\/hk-webservice.biz\/wp-content\/uploads\/2020\/06\/Smile.png 171w, https:\/\/hk-webservice.biz\/wp-content\/uploads\/2020\/06\/Smile-150x150.png 150w, https:\/\/hk-webservice.biz\/wp-content\/uploads\/2020\/06\/Smile-100x100.png 100w\" sizes=\"auto, (max-width: 50px) 100vw, 50px\" \/><strong> Pflege und Erweiterung Ihrer Seiten<\/strong><\/h2>\n\n\n\n<p>Die Pflege und Erweiterung eines Projektes geh\u00f6rt zu den wichtigsten Aufgaben eines Webmasters. Jeder ist bem\u00fcht, sein Online-Angebot so aktuell und interessant wie m\u00f6glich zu halten. Leider fehlt es vielen an der Zeit oder der n\u00f6tigen Erfahrung f\u00fcr die richtige Pflege der Seiten. Ich \u00fcbernehme diese Aufgaben gerne f\u00fcr Sie nach Ihren Vorstellungen. Dadurch ist Ihre Seite immer aktuell und bietet dem Besucher eine Vielzahl an Informationen oder Produkten. Diese Leistung biete ich zu besonders g\u00fcnstigen Pauschalpreisen an. Nehmen Sie Kontakt mit mir auf, um ein unverbindliches Angebot einzuholen.<\/p>\n\n\n\n<h2 class=\"wp-block-heading\"><img loading=\"lazy\" decoding=\"async\" width=\"50\" height=\"49\" class=\"wp-image-114\" style=\"width: 50px;\" src=\"https:\/\/hk-webservice.biz\/wp-content\/uploads\/2020\/06\/Smile.png\" alt=\"HKWS\" srcset=\"https:\/\/hk-webservice.biz\/wp-content\/uploads\/2020\/06\/Smile.png 171w, https:\/\/hk-webservice.biz\/wp-content\/uploads\/2020\/06\/Smile-150x150.png 150w, https:\/\/hk-webservice.biz\/wp-content\/uploads\/2020\/06\/Smile-100x100.png 100w\" sizes=\"auto, (max-width: 50px) 100vw, 50px\" \/><strong> Projekte von HK -WebService-<\/strong><\/h2>\n\n\n\n<p>Fertige kostenfreie\/kosteng\u00fcnstige Open Source Projekte werden von mir Ihren individuellen Vorstellungen angepasst und bieten Ihnen M\u00f6glichkeiten, wie Sie bisher in den einzelnen Bereichen nicht vorhanden waren. Jedes Projekt bietet besondere Funktionen, die sich von der Masse der Angebote abheben und somit einmalig sind. Wenn Sie sich f\u00fcr mich als Partner entscheiden, stehe ich Ihnen mit vielen frischen Ideen zur Seite, um Ihr Projekt so vielf\u00e4ltig wie m\u00f6glich zu gestalten.<\/p>\n\n\n\n<p> <\/p>\n","protected":false},"excerpt":{"rendered":"<p>Professionelles Webdesign zum g\u00fcnstigen Preis ! Wenn Sie sich im Internet kosteng\u00fcnstig und professionell pr\u00e4sentieren m\u00f6chten, dann sind Sie bei HK -WebService- genau richtig. Ob f\u00fcr Kleinbetrieb, Firma, Verein oder f\u00fcr den privaten Auftritt: Ich biete Ihnen ma\u00dfgeschneiderte L\u00f6sungen f\u00fcr alle Bereiche. Mit Ihren Ideen und meiner Erfahrung kann ich Ihren Internetauftritt professionell und mit &hellip; <\/p>\n<p class=\"link-more\"><a href=\"https:\/\/hk-webservice.biz\/index.php\/webdesign\/\" class=\"more-link\"><span class=\"screen-reader-text\">\u201eWebdesign\u201c <\/span>weiterlesen<\/a><\/p>\n","protected":false},"author":1,"featured_media":173,"parent":0,"menu_order":0,"comment_status":"closed","ping_status":"closed","template":"","meta":{"footnotes":""},"class_list":["post-49","page","type-page","status-publish","has-post-thumbnail","hentry"],"yoast_head":"<!-- This site is optimized with the Yoast SEO plugin v26.7 - https:\/\/yoast.com\/wordpress\/plugins\/seo\/ -->\n<title>Hendrik Klose -WebService- Webdesign Webhosting<\/title>\n<meta name=\"description\" content=\"Homepage erstellen Webdesign Hosting SEO Optimierung Google Bing Suchmaschine Firmenhomepage Internetauftritt Domainservice\" \/>\n<meta name=\"robots\" content=\"index, follow, max-snippet:-1, max-image-preview:large, max-video-preview:-1\" \/>\n<link rel=\"canonical\" href=\"https:\/\/hk-webservice.biz\/index.php\/webdesign\/\" \/>\n<meta property=\"og:locale\" content=\"de_DE\" \/>\n<meta property=\"og:type\" content=\"article\" \/>\n<meta property=\"og:title\" content=\"Hendrik Klose -WebService- Webdesign Webhosting\" \/>\n<meta property=\"og:description\" content=\"Homepage erstellen Webdesign Hosting SEO Optimierung Google Bing Suchmaschine Firmenhomepage Internetauftritt Domainservice\" \/>\n<meta property=\"og:url\" content=\"https:\/\/hk-webservice.biz\/index.php\/webdesign\/\" \/>\n<meta property=\"og:site_name\" content=\"HK -WebService-\" \/>\n<meta property=\"article:modified_time\" content=\"2020-08-06T15:20:30+00:00\" \/>\n<meta property=\"og:image\" content=\"https:\/\/hk-webservice.biz\/wp-content\/uploads\/2020\/06\/webdesign2.jpg\" \/>\n\t<meta property=\"og:image:width\" content=\"1887\" \/>\n\t<meta property=\"og:image:height\" content=\"1440\" \/>\n\t<meta property=\"og:image:type\" content=\"image\/jpeg\" \/>\n<meta name=\"twitter:card\" content=\"summary_large_image\" \/>\n<meta name=\"twitter:label1\" content=\"Gesch\u00e4tzte Lesezeit\" \/>\n\t<meta name=\"twitter:data1\" content=\"1\u00a0Minute\" \/>\n<script type=\"application\/ld+json\" class=\"yoast-schema-graph\">{\"@context\":\"https:\/\/schema.org\",\"@graph\":[{\"@type\":\"WebPage\",\"@id\":\"https:\/\/hk-webservice.biz\/index.php\/webdesign\/\",\"url\":\"https:\/\/hk-webservice.biz\/index.php\/webdesign\/\",\"name\":\"Hendrik Klose -WebService- Webdesign Webhosting\",\"isPartOf\":{\"@id\":\"https:\/\/hk-webservice.biz\/#website\"},\"primaryImageOfPage\":{\"@id\":\"https:\/\/hk-webservice.biz\/index.php\/webdesign\/#primaryimage\"},\"image\":{\"@id\":\"https:\/\/hk-webservice.biz\/index.php\/webdesign\/#primaryimage\"},\"thumbnailUrl\":\"https:\/\/hk-webservice.biz\/wp-content\/uploads\/2020\/06\/webdesign2.jpg\",\"datePublished\":\"2020-06-07T13:44:35+00:00\",\"dateModified\":\"2020-08-06T15:20:30+00:00\",\"description\":\"Homepage erstellen Webdesign Hosting SEO Optimierung Google Bing Suchmaschine Firmenhomepage Internetauftritt Domainservice\",\"breadcrumb\":{\"@id\":\"https:\/\/hk-webservice.biz\/index.php\/webdesign\/#breadcrumb\"},\"inLanguage\":\"de\",\"potentialAction\":[{\"@type\":\"ReadAction\",\"target\":[\"https:\/\/hk-webservice.biz\/index.php\/webdesign\/\"]}]},{\"@type\":\"ImageObject\",\"inLanguage\":\"de\",\"@id\":\"https:\/\/hk-webservice.biz\/index.php\/webdesign\/#primaryimage\",\"url\":\"https:\/\/hk-webservice.biz\/wp-content\/uploads\/2020\/06\/webdesign2.jpg\",\"contentUrl\":\"https:\/\/hk-webservice.biz\/wp-content\/uploads\/2020\/06\/webdesign2.jpg\",\"width\":1887,\"height\":1440,\"caption\":\"Hendrik Klose -WebService- Bad Rappenau\"},{\"@type\":\"BreadcrumbList\",\"@id\":\"https:\/\/hk-webservice.biz\/index.php\/webdesign\/#breadcrumb\",\"itemListElement\":[{\"@type\":\"ListItem\",\"position\":1,\"name\":\"Startseite\",\"item\":\"https:\/\/hk-webservice.biz\/\"},{\"@type\":\"ListItem\",\"position\":2,\"name\":\"Webdesign\"}]},{\"@type\":\"WebSite\",\"@id\":\"https:\/\/hk-webservice.biz\/#website\",\"url\":\"https:\/\/hk-webservice.biz\/\",\"name\":\"HK -WebService-\",\"description\":\"Ihr Webhosting und Webdesign Partner f\u00fcr beste Qualit\u00e4t\",\"publisher\":{\"@id\":\"https:\/\/hk-webservice.biz\/#organization\"},\"potentialAction\":[{\"@type\":\"SearchAction\",\"target\":{\"@type\":\"EntryPoint\",\"urlTemplate\":\"https:\/\/hk-webservice.biz\/?s={search_term_string}\"},\"query-input\":{\"@type\":\"PropertyValueSpecification\",\"valueRequired\":true,\"valueName\":\"search_term_string\"}}],\"inLanguage\":\"de\"},{\"@type\":\"Organization\",\"@id\":\"https:\/\/hk-webservice.biz\/#organization\",\"name\":\"Hendrik Klose -WebService-\",\"url\":\"https:\/\/hk-webservice.biz\/\",\"logo\":{\"@type\":\"ImageObject\",\"inLanguage\":\"de\",\"@id\":\"https:\/\/hk-webservice.biz\/#\/schema\/logo\/image\/\",\"url\":\"https:\/\/hk-webservice.biz\/wp-content\/uploads\/2020\/06\/hkws-logo-1.jpg\",\"contentUrl\":\"https:\/\/hk-webservice.biz\/wp-content\/uploads\/2020\/06\/hkws-logo-1.jpg\",\"width\":2351,\"height\":894,\"caption\":\"Hendrik Klose -WebService-\"},\"image\":{\"@id\":\"https:\/\/hk-webservice.biz\/#\/schema\/logo\/image\/\"}}]}<\/script>\n<!-- \/ Yoast SEO plugin. -->","yoast_head_json":{"title":"Hendrik Klose -WebService- Webdesign Webhosting","description":"Homepage erstellen Webdesign Hosting SEO Optimierung Google Bing Suchmaschine Firmenhomepage Internetauftritt Domainservice","robots":{"index":"index","follow":"follow","max-snippet":"max-snippet:-1","max-image-preview":"max-image-preview:large","max-video-preview":"max-video-preview:-1"},"canonical":"https:\/\/hk-webservice.biz\/index.php\/webdesign\/","og_locale":"de_DE","og_type":"article","og_title":"Hendrik Klose -WebService- Webdesign Webhosting","og_description":"Homepage erstellen Webdesign Hosting SEO Optimierung Google Bing Suchmaschine Firmenhomepage Internetauftritt Domainservice","og_url":"https:\/\/hk-webservice.biz\/index.php\/webdesign\/","og_site_name":"HK -WebService-","article_modified_time":"2020-08-06T15:20:30+00:00","og_image":[{"width":1887,"height":1440,"url":"https:\/\/hk-webservice.biz\/wp-content\/uploads\/2020\/06\/webdesign2.jpg","type":"image\/jpeg"}],"twitter_card":"summary_large_image","twitter_misc":{"Gesch\u00e4tzte Lesezeit":"1\u00a0Minute"},"schema":{"@context":"https:\/\/schema.org","@graph":[{"@type":"WebPage","@id":"https:\/\/hk-webservice.biz\/index.php\/webdesign\/","url":"https:\/\/hk-webservice.biz\/index.php\/webdesign\/","name":"Hendrik Klose -WebService- Webdesign Webhosting","isPartOf":{"@id":"https:\/\/hk-webservice.biz\/#website"},"primaryImageOfPage":{"@id":"https:\/\/hk-webservice.biz\/index.php\/webdesign\/#primaryimage"},"image":{"@id":"https:\/\/hk-webservice.biz\/index.php\/webdesign\/#primaryimage"},"thumbnailUrl":"https:\/\/hk-webservice.biz\/wp-content\/uploads\/2020\/06\/webdesign2.jpg","datePublished":"2020-06-07T13:44:35+00:00","dateModified":"2020-08-06T15:20:30+00:00","description":"Homepage erstellen Webdesign Hosting SEO Optimierung Google Bing Suchmaschine Firmenhomepage Internetauftritt Domainservice","breadcrumb":{"@id":"https:\/\/hk-webservice.biz\/index.php\/webdesign\/#breadcrumb"},"inLanguage":"de","potentialAction":[{"@type":"ReadAction","target":["https:\/\/hk-webservice.biz\/index.php\/webdesign\/"]}]},{"@type":"ImageObject","inLanguage":"de","@id":"https:\/\/hk-webservice.biz\/index.php\/webdesign\/#primaryimage","url":"https:\/\/hk-webservice.biz\/wp-content\/uploads\/2020\/06\/webdesign2.jpg","contentUrl":"https:\/\/hk-webservice.biz\/wp-content\/uploads\/2020\/06\/webdesign2.jpg","width":1887,"height":1440,"caption":"Hendrik Klose -WebService- Bad Rappenau"},{"@type":"BreadcrumbList","@id":"https:\/\/hk-webservice.biz\/index.php\/webdesign\/#breadcrumb","itemListElement":[{"@type":"ListItem","position":1,"name":"Startseite","item":"https:\/\/hk-webservice.biz\/"},{"@type":"ListItem","position":2,"name":"Webdesign"}]},{"@type":"WebSite","@id":"https:\/\/hk-webservice.biz\/#website","url":"https:\/\/hk-webservice.biz\/","name":"HK -WebService-","description":"Ihr Webhosting und Webdesign Partner f\u00fcr beste Qualit\u00e4t","publisher":{"@id":"https:\/\/hk-webservice.biz\/#organization"},"potentialAction":[{"@type":"SearchAction","target":{"@type":"EntryPoint","urlTemplate":"https:\/\/hk-webservice.biz\/?s={search_term_string}"},"query-input":{"@type":"PropertyValueSpecification","valueRequired":true,"valueName":"search_term_string"}}],"inLanguage":"de"},{"@type":"Organization","@id":"https:\/\/hk-webservice.biz\/#organization","name":"Hendrik Klose -WebService-","url":"https:\/\/hk-webservice.biz\/","logo":{"@type":"ImageObject","inLanguage":"de","@id":"https:\/\/hk-webservice.biz\/#\/schema\/logo\/image\/","url":"https:\/\/hk-webservice.biz\/wp-content\/uploads\/2020\/06\/hkws-logo-1.jpg","contentUrl":"https:\/\/hk-webservice.biz\/wp-content\/uploads\/2020\/06\/hkws-logo-1.jpg","width":2351,"height":894,"caption":"Hendrik Klose -WebService-"},"image":{"@id":"https:\/\/hk-webservice.biz\/#\/schema\/logo\/image\/"}}]}},"_links":{"self":[{"href":"https:\/\/hk-webservice.biz\/index.php\/wp-json\/wp\/v2\/pages\/49","targetHints":{"allow":["GET"]}}],"collection":[{"href":"https:\/\/hk-webservice.biz\/index.php\/wp-json\/wp\/v2\/pages"}],"about":[{"href":"https:\/\/hk-webservice.biz\/index.php\/wp-json\/wp\/v2\/types\/page"}],"author":[{"embeddable":true,"href":"https:\/\/hk-webservice.biz\/index.php\/wp-json\/wp\/v2\/users\/1"}],"replies":[{"embeddable":true,"href":"https:\/\/hk-webservice.biz\/index.php\/wp-json\/wp\/v2\/comments?post=49"}],"version-history":[{"count":13,"href":"https:\/\/hk-webservice.biz\/index.php\/wp-json\/wp\/v2\/pages\/49\/revisions"}],"predecessor-version":[{"id":179,"href":"https:\/\/hk-webservice.biz\/index.php\/wp-json\/wp\/v2\/pages\/49\/revisions\/179"}],"wp:featuredmedia":[{"embeddable":true,"href":"https:\/\/hk-webservice.biz\/index.php\/wp-json\/wp\/v2\/media\/173"}],"wp:attachment":[{"href":"https:\/\/hk-webservice.biz\/index.php\/wp-json\/wp\/v2\/media?parent=49"}],"curies":[{"name":"wp","href":"https:\/\/api.w.org\/{rel}","templated":true}]}}